{"id":588,"date":"2026-04-09T21:53:41","date_gmt":"2026-04-09T20:53:41","guid":{"rendered":"https:\/\/shop.galeriegretameert.com\/?post_type=product&#038;p=588"},"modified":"2026-04-09T21:56:41","modified_gmt":"2026-04-09T20:56:41","slug":"an-american-in-paris","status":"publish","type":"product","link":"https:\/\/shop.galeriegretameert.com\/?product=an-american-in-paris","title":{"rendered":"An American in Paris"},"content":{"rendered":"<p>An heir to Kandinsky and Matisse, Shirley Jaffe&#8217;s early work was in the abstract expressionist movement and her first paintings were full of gestural energy; the bright colours were worked in broad brush strokes. From the 1970s onwards, her work opened up a more personal path; she abandoned gesture and matter for colours that were circumscribed by a free geometry. The composition becomes more frontal and the idea of chaos becomes a metaphor and a driving force for solid blocks of colour disjointed and planed by an increasingly insinuating white &#8220;cement&#8221;. A hospitable woman, Jaffe has welcomed many young artists into her home, but she has always remained secretive about her personal life and laconic about her feminist convictions. A rich iconography of Shirley Jaffe&#8217;s works as well as unpublished archival photographs illustrate this monograph. The book includes texts by Fr\u00e9d\u00e9ric Paul, curator of contemporary art at the Mus\u00e9e national d&#8217;art moderne, Svetlana Alpers, a renowned American art historian, Claudine Grammont, director of the Mus\u00e9e Matisse in Nice, and an interview with the artist conducted by Robert Kushner. Catalog of the exhibition &#8220;Shirley Jaffe. An American in Paris&#8221; at the Centre Pompidou from April 20 to August 29, 2022.<\/p>\n","protected":false},"excerpt":{"rendered":"<p>Year: 2022<br \/>\nDimensions: 18 x 28,5 cm<br \/>\nLanguage: French\/English<br \/>\nMaterial: Hardcover<\/p>\n","protected":false},"featured_media":833,"comment_status":"closed","ping_status":"closed","template":"","meta":[],"product_brand":[],"product_cat":[26],"product_tag":[27],"class_list":{"0":"post-588","1":"product","2":"type-product","3":"status-publish","4":"has-post-thumbnail","6":"product_cat-shirley-jaffe","7":"product_tag-book","9":"first","10":"instock","11":"taxable","12":"shipping-taxable","13":"purchasable","14":"product-type-simple"},"yoast_head":"<!-- This site is optimized with the Yoast SEO plugin v27.4 - https:\/\/yoast.com\/product\/yoast-seo-wordpress\/ -->\n<title>An American in Paris - Galerie Greta Meert<\/title>\n<meta name=\"robots\" content=\"index, follow, max-snippet:-1, max-image-preview:large, max-video-preview:-1\" \/>\n<link rel=\"canonical\" href=\"https:\/\/shop.galeriegretameert.com\/?product=an-american-in-paris\" \/>\n<meta property=\"og:locale\" content=\"en_GB\" \/>\n<meta property=\"og:type\" content=\"article\" \/>\n<meta property=\"og:title\" content=\"An American in Paris - Galerie Greta Meert\" \/>\n<meta property=\"og:description\" content=\"Year: 2022 Dimensions: 18 x 28,5 cm Language: French\/English Material: Hardcover\" \/>\n<meta property=\"og:url\" content=\"https:\/\/shop.galeriegretameert.com\/?product=an-american-in-paris\" \/>\n<meta property=\"og:site_name\" content=\"Galerie Greta Meert\" \/>\n<meta property=\"article:modified_time\" content=\"2026-04-09T20:56:41+00:00\" \/>\n<meta property=\"og:image\" content=\"https:\/\/shop.galeriegretameert.com\/wp-content\/uploads\/2026\/04\/229_Jaffe_09.jpg\" \/>\n\t<meta property=\"og:image:width\" content=\"1125\" \/>\n\t<meta property=\"og:image:height\" content=\"1500\" \/>\n\t<meta property=\"og:image:type\" content=\"image\/jpeg\" \/>\n<meta name=\"twitter:card\" content=\"summary_large_image\" \/>\n<meta name=\"twitter:label1\" content=\"Estimated reading time\" \/>\n\t<meta name=\"twitter:data1\" content=\"1 minute\" \/>\n<script type=\"application\/ld+json\" class=\"yoast-schema-graph\">{\"@context\":\"https:\\\/\\\/schema.org\",\"@graph\":[{\"@type\":\"WebPage\",\"@id\":\"https:\\\/\\\/shop.galeriegretameert.com\\\/?product=an-american-in-paris\",\"url\":\"https:\\\/\\\/shop.galeriegretameert.com\\\/?product=an-american-in-paris\",\"name\":\"An American in Paris - Galerie Greta Meert\",\"isPartOf\":{\"@id\":\"https:\\\/\\\/shop.galeriegretameert.com\\\/#website\"},\"primaryImageOfPage\":{\"@id\":\"https:\\\/\\\/shop.galeriegretameert.com\\\/?product=an-american-in-paris#primaryimage\"},\"image\":{\"@id\":\"https:\\\/\\\/shop.galeriegretameert.com\\\/?product=an-american-in-paris#primaryimage\"},\"thumbnailUrl\":\"https:\\\/\\\/shop.galeriegretameert.com\\\/wp-content\\\/uploads\\\/2026\\\/04\\\/229_Jaffe_09.jpg\",\"datePublished\":\"2026-04-09T20:53:41+00:00\",\"dateModified\":\"2026-04-09T20:56:41+00:00\",\"breadcrumb\":{\"@id\":\"https:\\\/\\\/shop.galeriegretameert.com\\\/?product=an-american-in-paris#breadcrumb\"},\"inLanguage\":\"en-GB\",\"potentialAction\":[{\"@type\":\"ReadAction\",\"target\":[\"https:\\\/\\\/shop.galeriegretameert.com\\\/?product=an-american-in-paris\"]}]},{\"@type\":\"ImageObject\",\"inLanguage\":\"en-GB\",\"@id\":\"https:\\\/\\\/shop.galeriegretameert.com\\\/?product=an-american-in-paris#primaryimage\",\"url\":\"https:\\\/\\\/shop.galeriegretameert.com\\\/wp-content\\\/uploads\\\/2026\\\/04\\\/229_Jaffe_09.jpg\",\"contentUrl\":\"https:\\\/\\\/shop.galeriegretameert.com\\\/wp-content\\\/uploads\\\/2026\\\/04\\\/229_Jaffe_09.jpg\",\"width\":1125,\"height\":1500},{\"@type\":\"BreadcrumbList\",\"@id\":\"https:\\\/\\\/shop.galeriegretameert.com\\\/?product=an-american-in-paris#breadcrumb\",\"itemListElement\":[{\"@type\":\"ListItem\",\"position\":1,\"name\":\"Home\",\"item\":\"https:\\\/\\\/shop.galeriegretameert.com\\\/\"},{\"@type\":\"ListItem\",\"position\":2,\"name\":\"Shop\",\"item\":\"https:\\\/\\\/shop.galeriegretameert.com\\\/\"},{\"@type\":\"ListItem\",\"position\":3,\"name\":\"An American in Paris\"}]},{\"@type\":\"WebSite\",\"@id\":\"https:\\\/\\\/shop.galeriegretameert.com\\\/#website\",\"url\":\"https:\\\/\\\/shop.galeriegretameert.com\\\/\",\"name\":\"Galerie Greta Meert\",\"description\":\"\",\"publisher\":{\"@id\":\"https:\\\/\\\/shop.galeriegretameert.com\\\/#organization\"},\"potentialAction\":[{\"@type\":\"SearchAction\",\"target\":{\"@type\":\"EntryPoint\",\"urlTemplate\":\"https:\\\/\\\/shop.galeriegretameert.com\\\/?s={search_term_string}\"},\"query-input\":{\"@type\":\"PropertyValueSpecification\",\"valueRequired\":true,\"valueName\":\"search_term_string\"}}],\"inLanguage\":\"en-GB\"},{\"@type\":\"Organization\",\"@id\":\"https:\\\/\\\/shop.galeriegretameert.com\\\/#organization\",\"name\":\"Galerie Greta Meert\",\"url\":\"https:\\\/\\\/shop.galeriegretameert.com\\\/\",\"logo\":{\"@type\":\"ImageObject\",\"inLanguage\":\"en-GB\",\"@id\":\"https:\\\/\\\/shop.galeriegretameert.com\\\/#\\\/schema\\\/logo\\\/image\\\/\",\"url\":\"https:\\\/\\\/shop.galeriegretameert.com\\\/wp-content\\\/uploads\\\/2026\\\/04\\\/cropped-GGM-logo.png\",\"contentUrl\":\"https:\\\/\\\/shop.galeriegretameert.com\\\/wp-content\\\/uploads\\\/2026\\\/04\\\/cropped-GGM-logo.png\",\"width\":1919,\"height\":111,\"caption\":\"Galerie Greta Meert\"},\"image\":{\"@id\":\"https:\\\/\\\/shop.galeriegretameert.com\\\/#\\\/schema\\\/logo\\\/image\\\/\"}}]}<\/script>\n<!-- \/ Yoast SEO plugin. -->","yoast_head_json":{"title":"An American in Paris - Galerie Greta Meert","robots":{"index":"index","follow":"follow","max-snippet":"max-snippet:-1","max-image-preview":"max-image-preview:large","max-video-preview":"max-video-preview:-1"},"canonical":"https:\/\/shop.galeriegretameert.com\/?product=an-american-in-paris","og_locale":"en_GB","og_type":"article","og_title":"An American in Paris - Galerie Greta Meert","og_description":"Year: 2022 Dimensions: 18 x 28,5 cm Language: French\/English Material: Hardcover","og_url":"https:\/\/shop.galeriegretameert.com\/?product=an-american-in-paris","og_site_name":"Galerie Greta Meert","article_modified_time":"2026-04-09T20:56:41+00:00","og_image":[{"width":1125,"height":1500,"url":"https:\/\/shop.galeriegretameert.com\/wp-content\/uploads\/2026\/04\/229_Jaffe_09.jpg","type":"image\/jpeg"}],"twitter_card":"summary_large_image","twitter_misc":{"Estimated reading time":"1 minute"},"schema":{"@context":"https:\/\/schema.org","@graph":[{"@type":"WebPage","@id":"https:\/\/shop.galeriegretameert.com\/?product=an-american-in-paris","url":"https:\/\/shop.galeriegretameert.com\/?product=an-american-in-paris","name":"An American in Paris - Galerie Greta Meert","isPartOf":{"@id":"https:\/\/shop.galeriegretameert.com\/#website"},"primaryImageOfPage":{"@id":"https:\/\/shop.galeriegretameert.com\/?product=an-american-in-paris#primaryimage"},"image":{"@id":"https:\/\/shop.galeriegretameert.com\/?product=an-american-in-paris#primaryimage"},"thumbnailUrl":"https:\/\/shop.galeriegretameert.com\/wp-content\/uploads\/2026\/04\/229_Jaffe_09.jpg","datePublished":"2026-04-09T20:53:41+00:00","dateModified":"2026-04-09T20:56:41+00:00","breadcrumb":{"@id":"https:\/\/shop.galeriegretameert.com\/?product=an-american-in-paris#breadcrumb"},"inLanguage":"en-GB","potentialAction":[{"@type":"ReadAction","target":["https:\/\/shop.galeriegretameert.com\/?product=an-american-in-paris"]}]},{"@type":"ImageObject","inLanguage":"en-GB","@id":"https:\/\/shop.galeriegretameert.com\/?product=an-american-in-paris#primaryimage","url":"https:\/\/shop.galeriegretameert.com\/wp-content\/uploads\/2026\/04\/229_Jaffe_09.jpg","contentUrl":"https:\/\/shop.galeriegretameert.com\/wp-content\/uploads\/2026\/04\/229_Jaffe_09.jpg","width":1125,"height":1500},{"@type":"BreadcrumbList","@id":"https:\/\/shop.galeriegretameert.com\/?product=an-american-in-paris#breadcrumb","itemListElement":[{"@type":"ListItem","position":1,"name":"Home","item":"https:\/\/shop.galeriegretameert.com\/"},{"@type":"ListItem","position":2,"name":"Shop","item":"https:\/\/shop.galeriegretameert.com\/"},{"@type":"ListItem","position":3,"name":"An American in Paris"}]},{"@type":"WebSite","@id":"https:\/\/shop.galeriegretameert.com\/#website","url":"https:\/\/shop.galeriegretameert.com\/","name":"Galerie Greta Meert","description":"","publisher":{"@id":"https:\/\/shop.galeriegretameert.com\/#organization"},"potentialAction":[{"@type":"SearchAction","target":{"@type":"EntryPoint","urlTemplate":"https:\/\/shop.galeriegretameert.com\/?s={search_term_string}"},"query-input":{"@type":"PropertyValueSpecification","valueRequired":true,"valueName":"search_term_string"}}],"inLanguage":"en-GB"},{"@type":"Organization","@id":"https:\/\/shop.galeriegretameert.com\/#organization","name":"Galerie Greta Meert","url":"https:\/\/shop.galeriegretameert.com\/","logo":{"@type":"ImageObject","inLanguage":"en-GB","@id":"https:\/\/shop.galeriegretameert.com\/#\/schema\/logo\/image\/","url":"https:\/\/shop.galeriegretameert.com\/wp-content\/uploads\/2026\/04\/cropped-GGM-logo.png","contentUrl":"https:\/\/shop.galeriegretameert.com\/wp-content\/uploads\/2026\/04\/cropped-GGM-logo.png","width":1919,"height":111,"caption":"Galerie Greta Meert"},"image":{"@id":"https:\/\/shop.galeriegretameert.com\/#\/schema\/logo\/image\/"}}]}},"_links":{"self":[{"href":"https:\/\/shop.galeriegretameert.com\/index.php?rest_route=\/wp\/v2\/product\/588","targetHints":{"allow":["GET"]}}],"collection":[{"href":"https:\/\/shop.galeriegretameert.com\/index.php?rest_route=\/wp\/v2\/product"}],"about":[{"href":"https:\/\/shop.galeriegretameert.com\/index.php?rest_route=\/wp\/v2\/types\/product"}],"replies":[{"embeddable":true,"href":"https:\/\/shop.galeriegretameert.com\/index.php?rest_route=%2Fwp%2Fv2%2Fcomments&post=588"}],"wp:featuredmedia":[{"embeddable":true,"href":"https:\/\/shop.galeriegretameert.com\/index.php?rest_route=\/wp\/v2\/media\/833"}],"wp:attachment":[{"href":"https:\/\/shop.galeriegretameert.com\/index.php?rest_route=%2Fwp%2Fv2%2Fmedia&parent=588"}],"wp:term":[{"taxonomy":"product_brand","embeddable":true,"href":"https:\/\/shop.galeriegretameert.com\/index.php?rest_route=%2Fwp%2Fv2%2Fproduct_brand&post=588"},{"taxonomy":"product_cat","embeddable":true,"href":"https:\/\/shop.galeriegretameert.com\/index.php?rest_route=%2Fwp%2Fv2%2Fproduct_cat&post=588"},{"taxonomy":"product_tag","embeddable":true,"href":"https:\/\/shop.galeriegretameert.com\/index.php?rest_route=%2Fwp%2Fv2%2Fproduct_tag&post=588"}],"curies":[{"name":"wp","href":"https:\/\/api.w.org\/{rel}","templated":true}]}}