{"id":551,"date":"2026-04-09T21:53:18","date_gmt":"2026-04-09T20:53:18","guid":{"rendered":"https:\/\/shop.galeriegretameert.com\/?post_type=product&#038;p=551"},"modified":"2026-04-09T21:56:21","modified_gmt":"2026-04-09T20:56:21","slug":"dessins-drawings-1977-2016","status":"publish","type":"product","link":"https:\/\/shop.galeriegretameert.com\/?product=dessins-drawings-1977-2016","title":{"rendered":"Dessins \/ Drawings 1977-2016"},"content":{"rendered":"<p>This monograph spans forty years of drawings and works on paper, offering an insight into a lesser-known part of Moul\u00e8ne\u2019s artistic practice. A jubilant documentation rich with autobiographical elements. \u201cThe artist (and not only the one we\u2019re talking about here) is never secure against an idea, a flash of inspiration that can strike anywhere, anytime; while Moul\u00e8ne\u2019s traveling workshop with its not especially cumbersome paraphernalia\u2014sketchbooks, pencils, watercolors\u2014leaves him free to nab the muse whenever she chances by. And if ever the tools aren\u2019t handy, any scrap of paper caught on the fly will do, even just a magazine page for painting, scribbling or spattering on.\u201d Published following the artist\u2019s exhibition at the Pietro Spart\u00e0 Gallery, Chagny, France, from May 7 to September 30, 2016. Photographer and sculptor Jean-Luc Moul\u00e8ne (born 1955, Reims, lives and works in Paris) is a leading figure of the French art scene. Among the institutions that have dedicated solo exhibitions to his work are Centre d\u2019Art Contemporain de Gen\u00e8gve (2003), Mus\u00e9e du Louvre, Paris (2005), Culturgest, Lisbon (2007), and Carr\u00e9 d\u2019art Mus\u00e9e d\u2019art contemporain, N\u00eemes (2009), Dia:Beacon (2012), Hanover Kunstverein (2104), Villa Medici, Rome (2015), and Centre Pompidou (2016). Moulene has participated in Documenta X (1997), the S\u00e3o Paulo Biennial (2002), the Venice Biennial (2003), the Taipei Biennial (2004), the First International Biennial of the Image (Laos, 2007) and the Sharjah Biennial (2010). Moul\u00e8ne\u2019s work has been included in countless group exhibitions all over the world.<\/p>\n","protected":false},"excerpt":{"rendered":"<p>Year: 2018<br \/>\nDimensions: 25 x 20 cm<br \/>\nPages: 152<br \/>\nLanguage: English \/ French<br \/>\nMaterial: Paperback<\/p>\n","protected":false},"featured_media":795,"comment_status":"closed","ping_status":"closed","template":"","meta":[],"product_brand":[],"product_cat":[32],"product_tag":[27],"class_list":{"0":"post-551","1":"product","2":"type-product","3":"status-publish","4":"has-post-thumbnail","6":"product_cat-jean-luc-moulene","7":"product_tag-book","9":"first","10":"instock","11":"taxable","12":"shipping-taxable","13":"purchasable","14":"product-type-simple"},"yoast_head":"<!-- This site is optimized with the Yoast SEO plugin v27.4 - https:\/\/yoast.com\/product\/yoast-seo-wordpress\/ -->\n<title>Dessins \/ Drawings 1977-2016 - Galerie Greta Meert<\/title>\n<meta name=\"robots\" content=\"index, follow, max-snippet:-1, max-image-preview:large, max-video-preview:-1\" \/>\n<link rel=\"canonical\" href=\"https:\/\/shop.galeriegretameert.com\/?product=dessins-drawings-1977-2016\" \/>\n<meta property=\"og:locale\" content=\"en_GB\" \/>\n<meta property=\"og:type\" content=\"article\" \/>\n<meta property=\"og:title\" content=\"Dessins \/ Drawings 1977-2016 - Galerie Greta Meert\" \/>\n<meta property=\"og:description\" content=\"Year: 2018 Dimensions: 25 x 20 cm Pages: 152 Language: English \/ French Material: Paperback\" \/>\n<meta property=\"og:url\" content=\"https:\/\/shop.galeriegretameert.com\/?product=dessins-drawings-1977-2016\" \/>\n<meta property=\"og:site_name\" content=\"Galerie Greta Meert\" \/>\n<meta property=\"article:modified_time\" content=\"2026-04-09T20:56:21+00:00\" \/>\n<meta property=\"og:image\" content=\"https:\/\/shop.galeriegretameert.com\/wp-content\/uploads\/2026\/04\/221_Moulene_09.jpg\" \/>\n\t<meta property=\"og:image:width\" content=\"1125\" \/>\n\t<meta property=\"og:image:height\" content=\"1500\" \/>\n\t<meta property=\"og:image:type\" content=\"image\/jpeg\" \/>\n<meta name=\"twitter:card\" content=\"summary_large_image\" \/>\n<meta name=\"twitter:label1\" content=\"Estimated reading time\" \/>\n\t<meta name=\"twitter:data1\" content=\"1 minute\" \/>\n<script type=\"application\/ld+json\" class=\"yoast-schema-graph\">{\"@context\":\"https:\\\/\\\/schema.org\",\"@graph\":[{\"@type\":\"WebPage\",\"@id\":\"https:\\\/\\\/shop.galeriegretameert.com\\\/?product=dessins-drawings-1977-2016\",\"url\":\"https:\\\/\\\/shop.galeriegretameert.com\\\/?product=dessins-drawings-1977-2016\",\"name\":\"Dessins \\\/ Drawings 1977-2016 - Galerie Greta Meert\",\"isPartOf\":{\"@id\":\"https:\\\/\\\/shop.galeriegretameert.com\\\/#website\"},\"primaryImageOfPage\":{\"@id\":\"https:\\\/\\\/shop.galeriegretameert.com\\\/?product=dessins-drawings-1977-2016#primaryimage\"},\"image\":{\"@id\":\"https:\\\/\\\/shop.galeriegretameert.com\\\/?product=dessins-drawings-1977-2016#primaryimage\"},\"thumbnailUrl\":\"https:\\\/\\\/shop.galeriegretameert.com\\\/wp-content\\\/uploads\\\/2026\\\/04\\\/221_Moulene_09.jpg\",\"datePublished\":\"2026-04-09T20:53:18+00:00\",\"dateModified\":\"2026-04-09T20:56:21+00:00\",\"breadcrumb\":{\"@id\":\"https:\\\/\\\/shop.galeriegretameert.com\\\/?product=dessins-drawings-1977-2016#breadcrumb\"},\"inLanguage\":\"en-GB\",\"potentialAction\":[{\"@type\":\"ReadAction\",\"target\":[\"https:\\\/\\\/shop.galeriegretameert.com\\\/?product=dessins-drawings-1977-2016\"]}]},{\"@type\":\"ImageObject\",\"inLanguage\":\"en-GB\",\"@id\":\"https:\\\/\\\/shop.galeriegretameert.com\\\/?product=dessins-drawings-1977-2016#primaryimage\",\"url\":\"https:\\\/\\\/shop.galeriegretameert.com\\\/wp-content\\\/uploads\\\/2026\\\/04\\\/221_Moulene_09.jpg\",\"contentUrl\":\"https:\\\/\\\/shop.galeriegretameert.com\\\/wp-content\\\/uploads\\\/2026\\\/04\\\/221_Moulene_09.jpg\",\"width\":1125,\"height\":1500},{\"@type\":\"BreadcrumbList\",\"@id\":\"https:\\\/\\\/shop.galeriegretameert.com\\\/?product=dessins-drawings-1977-2016#breadcrumb\",\"itemListElement\":[{\"@type\":\"ListItem\",\"position\":1,\"name\":\"Home\",\"item\":\"https:\\\/\\\/shop.galeriegretameert.com\\\/\"},{\"@type\":\"ListItem\",\"position\":2,\"name\":\"Shop\",\"item\":\"https:\\\/\\\/shop.galeriegretameert.com\\\/\"},{\"@type\":\"ListItem\",\"position\":3,\"name\":\"Dessins \\\/ Drawings 1977-2016\"}]},{\"@type\":\"WebSite\",\"@id\":\"https:\\\/\\\/shop.galeriegretameert.com\\\/#website\",\"url\":\"https:\\\/\\\/shop.galeriegretameert.com\\\/\",\"name\":\"Galerie Greta Meert\",\"description\":\"\",\"publisher\":{\"@id\":\"https:\\\/\\\/shop.galeriegretameert.com\\\/#organization\"},\"potentialAction\":[{\"@type\":\"SearchAction\",\"target\":{\"@type\":\"EntryPoint\",\"urlTemplate\":\"https:\\\/\\\/shop.galeriegretameert.com\\\/?s={search_term_string}\"},\"query-input\":{\"@type\":\"PropertyValueSpecification\",\"valueRequired\":true,\"valueName\":\"search_term_string\"}}],\"inLanguage\":\"en-GB\"},{\"@type\":\"Organization\",\"@id\":\"https:\\\/\\\/shop.galeriegretameert.com\\\/#organization\",\"name\":\"Galerie Greta Meert\",\"url\":\"https:\\\/\\\/shop.galeriegretameert.com\\\/\",\"logo\":{\"@type\":\"ImageObject\",\"inLanguage\":\"en-GB\",\"@id\":\"https:\\\/\\\/shop.galeriegretameert.com\\\/#\\\/schema\\\/logo\\\/image\\\/\",\"url\":\"https:\\\/\\\/shop.galeriegretameert.com\\\/wp-content\\\/uploads\\\/2026\\\/04\\\/cropped-GGM-logo.png\",\"contentUrl\":\"https:\\\/\\\/shop.galeriegretameert.com\\\/wp-content\\\/uploads\\\/2026\\\/04\\\/cropped-GGM-logo.png\",\"width\":1919,\"height\":111,\"caption\":\"Galerie Greta Meert\"},\"image\":{\"@id\":\"https:\\\/\\\/shop.galeriegretameert.com\\\/#\\\/schema\\\/logo\\\/image\\\/\"}}]}<\/script>\n<!-- \/ Yoast SEO plugin. -->","yoast_head_json":{"title":"Dessins \/ Drawings 1977-2016 - Galerie Greta Meert","robots":{"index":"index","follow":"follow","max-snippet":"max-snippet:-1","max-image-preview":"max-image-preview:large","max-video-preview":"max-video-preview:-1"},"canonical":"https:\/\/shop.galeriegretameert.com\/?product=dessins-drawings-1977-2016","og_locale":"en_GB","og_type":"article","og_title":"Dessins \/ Drawings 1977-2016 - Galerie Greta Meert","og_description":"Year: 2018 Dimensions: 25 x 20 cm Pages: 152 Language: English \/ French Material: Paperback","og_url":"https:\/\/shop.galeriegretameert.com\/?product=dessins-drawings-1977-2016","og_site_name":"Galerie Greta Meert","article_modified_time":"2026-04-09T20:56:21+00:00","og_image":[{"width":1125,"height":1500,"url":"https:\/\/shop.galeriegretameert.com\/wp-content\/uploads\/2026\/04\/221_Moulene_09.jpg","type":"image\/jpeg"}],"twitter_card":"summary_large_image","twitter_misc":{"Estimated reading time":"1 minute"},"schema":{"@context":"https:\/\/schema.org","@graph":[{"@type":"WebPage","@id":"https:\/\/shop.galeriegretameert.com\/?product=dessins-drawings-1977-2016","url":"https:\/\/shop.galeriegretameert.com\/?product=dessins-drawings-1977-2016","name":"Dessins \/ Drawings 1977-2016 - Galerie Greta Meert","isPartOf":{"@id":"https:\/\/shop.galeriegretameert.com\/#website"},"primaryImageOfPage":{"@id":"https:\/\/shop.galeriegretameert.com\/?product=dessins-drawings-1977-2016#primaryimage"},"image":{"@id":"https:\/\/shop.galeriegretameert.com\/?product=dessins-drawings-1977-2016#primaryimage"},"thumbnailUrl":"https:\/\/shop.galeriegretameert.com\/wp-content\/uploads\/2026\/04\/221_Moulene_09.jpg","datePublished":"2026-04-09T20:53:18+00:00","dateModified":"2026-04-09T20:56:21+00:00","breadcrumb":{"@id":"https:\/\/shop.galeriegretameert.com\/?product=dessins-drawings-1977-2016#breadcrumb"},"inLanguage":"en-GB","potentialAction":[{"@type":"ReadAction","target":["https:\/\/shop.galeriegretameert.com\/?product=dessins-drawings-1977-2016"]}]},{"@type":"ImageObject","inLanguage":"en-GB","@id":"https:\/\/shop.galeriegretameert.com\/?product=dessins-drawings-1977-2016#primaryimage","url":"https:\/\/shop.galeriegretameert.com\/wp-content\/uploads\/2026\/04\/221_Moulene_09.jpg","contentUrl":"https:\/\/shop.galeriegretameert.com\/wp-content\/uploads\/2026\/04\/221_Moulene_09.jpg","width":1125,"height":1500},{"@type":"BreadcrumbList","@id":"https:\/\/shop.galeriegretameert.com\/?product=dessins-drawings-1977-2016#breadcrumb","itemListElement":[{"@type":"ListItem","position":1,"name":"Home","item":"https:\/\/shop.galeriegretameert.com\/"},{"@type":"ListItem","position":2,"name":"Shop","item":"https:\/\/shop.galeriegretameert.com\/"},{"@type":"ListItem","position":3,"name":"Dessins \/ Drawings 1977-2016"}]},{"@type":"WebSite","@id":"https:\/\/shop.galeriegretameert.com\/#website","url":"https:\/\/shop.galeriegretameert.com\/","name":"Galerie Greta Meert","description":"","publisher":{"@id":"https:\/\/shop.galeriegretameert.com\/#organization"},"potentialAction":[{"@type":"SearchAction","target":{"@type":"EntryPoint","urlTemplate":"https:\/\/shop.galeriegretameert.com\/?s={search_term_string}"},"query-input":{"@type":"PropertyValueSpecification","valueRequired":true,"valueName":"search_term_string"}}],"inLanguage":"en-GB"},{"@type":"Organization","@id":"https:\/\/shop.galeriegretameert.com\/#organization","name":"Galerie Greta Meert","url":"https:\/\/shop.galeriegretameert.com\/","logo":{"@type":"ImageObject","inLanguage":"en-GB","@id":"https:\/\/shop.galeriegretameert.com\/#\/schema\/logo\/image\/","url":"https:\/\/shop.galeriegretameert.com\/wp-content\/uploads\/2026\/04\/cropped-GGM-logo.png","contentUrl":"https:\/\/shop.galeriegretameert.com\/wp-content\/uploads\/2026\/04\/cropped-GGM-logo.png","width":1919,"height":111,"caption":"Galerie Greta Meert"},"image":{"@id":"https:\/\/shop.galeriegretameert.com\/#\/schema\/logo\/image\/"}}]}},"_links":{"self":[{"href":"https:\/\/shop.galeriegretameert.com\/index.php?rest_route=\/wp\/v2\/product\/551","targetHints":{"allow":["GET"]}}],"collection":[{"href":"https:\/\/shop.galeriegretameert.com\/index.php?rest_route=\/wp\/v2\/product"}],"about":[{"href":"https:\/\/shop.galeriegretameert.com\/index.php?rest_route=\/wp\/v2\/types\/product"}],"replies":[{"embeddable":true,"href":"https:\/\/shop.galeriegretameert.com\/index.php?rest_route=%2Fwp%2Fv2%2Fcomments&post=551"}],"wp:featuredmedia":[{"embeddable":true,"href":"https:\/\/shop.galeriegretameert.com\/index.php?rest_route=\/wp\/v2\/media\/795"}],"wp:attachment":[{"href":"https:\/\/shop.galeriegretameert.com\/index.php?rest_route=%2Fwp%2Fv2%2Fmedia&parent=551"}],"wp:term":[{"taxonomy":"product_brand","embeddable":true,"href":"https:\/\/shop.galeriegretameert.com\/index.php?rest_route=%2Fwp%2Fv2%2Fproduct_brand&post=551"},{"taxonomy":"product_cat","embeddable":true,"href":"https:\/\/shop.galeriegretameert.com\/index.php?rest_route=%2Fwp%2Fv2%2Fproduct_cat&post=551"},{"taxonomy":"product_tag","embeddable":true,"href":"https:\/\/shop.galeriegretameert.com\/index.php?rest_route=%2Fwp%2Fv2%2Fproduct_tag&post=551"}],"curies":[{"name":"wp","href":"https:\/\/api.w.org\/{rel}","templated":true}]}}