{"id":248,"date":"2026-04-09T21:49:45","date_gmt":"2026-04-09T20:49:45","guid":{"rendered":"https:\/\/shop.galeriegretameert.com\/?post_type=product&#038;p=248"},"modified":"2026-04-09T21:52:51","modified_gmt":"2026-04-09T20:52:51","slug":"j-r-plaza-archive-2003-2012","status":"publish","type":"product","link":"https:\/\/shop.galeriegretameert.com\/?product=j-r-plaza-archive-2003-2012","title":{"rendered":"J.R. Plaza Archive 2003-2012"},"content":{"rendered":"<p>In 2003, Mexican artist I\u00f1aki Bonillas introduced the photographic archive belonging to his grandfather, Jos\u00e9 Rodr\u00edguez Plaza, into his work. Its content which, since that time, has undergone a wide range of operations, has permitted him to combine elements that seemed, a priori, incompatible: on the one hand, a personal, biographical narrative, consisting of anecdotes and rather personal character notes; and, on the other, a quasi-scientific sense of compilation and classification.<\/p>\n<p>The book &#8220;J.R. Plaza Archive&#8221; sets out to assemble a series of theoretical and literary digressions by an equal number of writers, philosophers, and poets, on 20 of the works that Bonillas has created from the material of this archive: a vast collection of images that appears to have awakened in the artist a need to explore the possibility of ultimately exhausting all its combinations and variants.<\/p>\n<p>The book is conceptualized, then, as a kind of catalogue raisonn\u00e9 that ranges from the very first attempts, where the artist dealt with the diverse ways in which the pages of the more than 30 albums that comprise the archive (and which trace, without even intending to, a little history of photography of the 20th century) could be displayed; to the most recent exercises, in which the images have lost their familial nature in order to become starting points for a broader reflection about the various uses of photography, and the transmissibility of the archive.<\/p>\n<p>The publication is part of the series of artists&#8217; projects edited by Christoph Keller.<\/p>\n","protected":false},"excerpt":{"rendered":"<p>Year:<span class=\"Apple-converted-space\">\u00a02012<br \/>\n<\/span>Dimensions:<span class=\"Apple-converted-space\">\u00a019 x 12 cm<br \/>\n<\/span>Pages:<span class=\"Apple-converted-space\">\u00a0120<br \/>\n<\/span>Language:<span class=\"Apple-converted-space\">\u00a0English<br \/>\n<\/span>Material: Hard cover<\/p>\n","protected":false},"featured_media":502,"comment_status":"closed","ping_status":"closed","template":"","meta":[],"product_brand":[],"product_cat":[28],"product_tag":[27],"class_list":{"0":"post-248","1":"product","2":"type-product","3":"status-publish","4":"has-post-thumbnail","6":"product_cat-inaki-bonillas","7":"product_tag-book","9":"first","10":"instock","11":"taxable","12":"shipping-taxable","13":"purchasable","14":"product-type-simple"},"yoast_head":"<!-- This site is optimized with the Yoast SEO plugin v27.4 - https:\/\/yoast.com\/product\/yoast-seo-wordpress\/ -->\n<title>J.R. Plaza Archive 2003-2012 - Galerie Greta Meert<\/title>\n<meta name=\"robots\" content=\"index, follow, max-snippet:-1, max-image-preview:large, max-video-preview:-1\" \/>\n<link rel=\"canonical\" href=\"https:\/\/shop.galeriegretameert.com\/?product=j-r-plaza-archive-2003-2012\" \/>\n<meta property=\"og:locale\" content=\"en_GB\" \/>\n<meta property=\"og:type\" content=\"article\" \/>\n<meta property=\"og:title\" content=\"J.R. Plaza Archive 2003-2012 - Galerie Greta Meert\" \/>\n<meta property=\"og:description\" content=\"Year:\u00a02012 Dimensions:\u00a019 x 12 cm Pages:\u00a0120 Language:\u00a0English Material: Hard cover\" \/>\n<meta property=\"og:url\" content=\"https:\/\/shop.galeriegretameert.com\/?product=j-r-plaza-archive-2003-2012\" \/>\n<meta property=\"og:site_name\" content=\"Galerie Greta Meert\" \/>\n<meta property=\"article:modified_time\" content=\"2026-04-09T20:52:51+00:00\" \/>\n<meta property=\"og:image\" content=\"https:\/\/shop.galeriegretameert.com\/wp-content\/uploads\/2026\/04\/Bonillas_2-1.jpg\" \/>\n\t<meta property=\"og:image:width\" content=\"299\" \/>\n\t<meta property=\"og:image:height\" content=\"399\" \/>\n\t<meta property=\"og:image:type\" content=\"image\/jpeg\" \/>\n<meta name=\"twitter:card\" content=\"summary_large_image\" \/>\n<meta name=\"twitter:label1\" content=\"Estimated reading time\" \/>\n\t<meta name=\"twitter:data1\" content=\"1 minute\" \/>\n<script type=\"application\/ld+json\" class=\"yoast-schema-graph\">{\"@context\":\"https:\\\/\\\/schema.org\",\"@graph\":[{\"@type\":\"WebPage\",\"@id\":\"https:\\\/\\\/shop.galeriegretameert.com\\\/?product=j-r-plaza-archive-2003-2012\",\"url\":\"https:\\\/\\\/shop.galeriegretameert.com\\\/?product=j-r-plaza-archive-2003-2012\",\"name\":\"J.R. Plaza Archive 2003-2012 - Galerie Greta Meert\",\"isPartOf\":{\"@id\":\"https:\\\/\\\/shop.galeriegretameert.com\\\/#website\"},\"primaryImageOfPage\":{\"@id\":\"https:\\\/\\\/shop.galeriegretameert.com\\\/?product=j-r-plaza-archive-2003-2012#primaryimage\"},\"image\":{\"@id\":\"https:\\\/\\\/shop.galeriegretameert.com\\\/?product=j-r-plaza-archive-2003-2012#primaryimage\"},\"thumbnailUrl\":\"https:\\\/\\\/shop.galeriegretameert.com\\\/wp-content\\\/uploads\\\/2026\\\/04\\\/Bonillas_2-1.jpg\",\"datePublished\":\"2026-04-09T20:49:45+00:00\",\"dateModified\":\"2026-04-09T20:52:51+00:00\",\"breadcrumb\":{\"@id\":\"https:\\\/\\\/shop.galeriegretameert.com\\\/?product=j-r-plaza-archive-2003-2012#breadcrumb\"},\"inLanguage\":\"en-GB\",\"potentialAction\":[{\"@type\":\"ReadAction\",\"target\":[\"https:\\\/\\\/shop.galeriegretameert.com\\\/?product=j-r-plaza-archive-2003-2012\"]}]},{\"@type\":\"ImageObject\",\"inLanguage\":\"en-GB\",\"@id\":\"https:\\\/\\\/shop.galeriegretameert.com\\\/?product=j-r-plaza-archive-2003-2012#primaryimage\",\"url\":\"https:\\\/\\\/shop.galeriegretameert.com\\\/wp-content\\\/uploads\\\/2026\\\/04\\\/Bonillas_2-1.jpg\",\"contentUrl\":\"https:\\\/\\\/shop.galeriegretameert.com\\\/wp-content\\\/uploads\\\/2026\\\/04\\\/Bonillas_2-1.jpg\",\"width\":299,\"height\":399},{\"@type\":\"BreadcrumbList\",\"@id\":\"https:\\\/\\\/shop.galeriegretameert.com\\\/?product=j-r-plaza-archive-2003-2012#breadcrumb\",\"itemListElement\":[{\"@type\":\"ListItem\",\"position\":1,\"name\":\"Home\",\"item\":\"https:\\\/\\\/shop.galeriegretameert.com\\\/\"},{\"@type\":\"ListItem\",\"position\":2,\"name\":\"Shop\",\"item\":\"https:\\\/\\\/shop.galeriegretameert.com\\\/\"},{\"@type\":\"ListItem\",\"position\":3,\"name\":\"J.R. Plaza Archive 2003-2012\"}]},{\"@type\":\"WebSite\",\"@id\":\"https:\\\/\\\/shop.galeriegretameert.com\\\/#website\",\"url\":\"https:\\\/\\\/shop.galeriegretameert.com\\\/\",\"name\":\"Galerie Greta Meert\",\"description\":\"\",\"publisher\":{\"@id\":\"https:\\\/\\\/shop.galeriegretameert.com\\\/#organization\"},\"potentialAction\":[{\"@type\":\"SearchAction\",\"target\":{\"@type\":\"EntryPoint\",\"urlTemplate\":\"https:\\\/\\\/shop.galeriegretameert.com\\\/?s={search_term_string}\"},\"query-input\":{\"@type\":\"PropertyValueSpecification\",\"valueRequired\":true,\"valueName\":\"search_term_string\"}}],\"inLanguage\":\"en-GB\"},{\"@type\":\"Organization\",\"@id\":\"https:\\\/\\\/shop.galeriegretameert.com\\\/#organization\",\"name\":\"Galerie Greta Meert\",\"url\":\"https:\\\/\\\/shop.galeriegretameert.com\\\/\",\"logo\":{\"@type\":\"ImageObject\",\"inLanguage\":\"en-GB\",\"@id\":\"https:\\\/\\\/shop.galeriegretameert.com\\\/#\\\/schema\\\/logo\\\/image\\\/\",\"url\":\"https:\\\/\\\/shop.galeriegretameert.com\\\/wp-content\\\/uploads\\\/2026\\\/04\\\/cropped-GGM-logo.png\",\"contentUrl\":\"https:\\\/\\\/shop.galeriegretameert.com\\\/wp-content\\\/uploads\\\/2026\\\/04\\\/cropped-GGM-logo.png\",\"width\":1919,\"height\":111,\"caption\":\"Galerie Greta Meert\"},\"image\":{\"@id\":\"https:\\\/\\\/shop.galeriegretameert.com\\\/#\\\/schema\\\/logo\\\/image\\\/\"}}]}<\/script>\n<!-- \/ Yoast SEO plugin. -->","yoast_head_json":{"title":"J.R. Plaza Archive 2003-2012 - Galerie Greta Meert","robots":{"index":"index","follow":"follow","max-snippet":"max-snippet:-1","max-image-preview":"max-image-preview:large","max-video-preview":"max-video-preview:-1"},"canonical":"https:\/\/shop.galeriegretameert.com\/?product=j-r-plaza-archive-2003-2012","og_locale":"en_GB","og_type":"article","og_title":"J.R. Plaza Archive 2003-2012 - Galerie Greta Meert","og_description":"Year:\u00a02012 Dimensions:\u00a019 x 12 cm Pages:\u00a0120 Language:\u00a0English Material: Hard cover","og_url":"https:\/\/shop.galeriegretameert.com\/?product=j-r-plaza-archive-2003-2012","og_site_name":"Galerie Greta Meert","article_modified_time":"2026-04-09T20:52:51+00:00","og_image":[{"width":299,"height":399,"url":"https:\/\/shop.galeriegretameert.com\/wp-content\/uploads\/2026\/04\/Bonillas_2-1.jpg","type":"image\/jpeg"}],"twitter_card":"summary_large_image","twitter_misc":{"Estimated reading time":"1 minute"},"schema":{"@context":"https:\/\/schema.org","@graph":[{"@type":"WebPage","@id":"https:\/\/shop.galeriegretameert.com\/?product=j-r-plaza-archive-2003-2012","url":"https:\/\/shop.galeriegretameert.com\/?product=j-r-plaza-archive-2003-2012","name":"J.R. Plaza Archive 2003-2012 - Galerie Greta Meert","isPartOf":{"@id":"https:\/\/shop.galeriegretameert.com\/#website"},"primaryImageOfPage":{"@id":"https:\/\/shop.galeriegretameert.com\/?product=j-r-plaza-archive-2003-2012#primaryimage"},"image":{"@id":"https:\/\/shop.galeriegretameert.com\/?product=j-r-plaza-archive-2003-2012#primaryimage"},"thumbnailUrl":"https:\/\/shop.galeriegretameert.com\/wp-content\/uploads\/2026\/04\/Bonillas_2-1.jpg","datePublished":"2026-04-09T20:49:45+00:00","dateModified":"2026-04-09T20:52:51+00:00","breadcrumb":{"@id":"https:\/\/shop.galeriegretameert.com\/?product=j-r-plaza-archive-2003-2012#breadcrumb"},"inLanguage":"en-GB","potentialAction":[{"@type":"ReadAction","target":["https:\/\/shop.galeriegretameert.com\/?product=j-r-plaza-archive-2003-2012"]}]},{"@type":"ImageObject","inLanguage":"en-GB","@id":"https:\/\/shop.galeriegretameert.com\/?product=j-r-plaza-archive-2003-2012#primaryimage","url":"https:\/\/shop.galeriegretameert.com\/wp-content\/uploads\/2026\/04\/Bonillas_2-1.jpg","contentUrl":"https:\/\/shop.galeriegretameert.com\/wp-content\/uploads\/2026\/04\/Bonillas_2-1.jpg","width":299,"height":399},{"@type":"BreadcrumbList","@id":"https:\/\/shop.galeriegretameert.com\/?product=j-r-plaza-archive-2003-2012#breadcrumb","itemListElement":[{"@type":"ListItem","position":1,"name":"Home","item":"https:\/\/shop.galeriegretameert.com\/"},{"@type":"ListItem","position":2,"name":"Shop","item":"https:\/\/shop.galeriegretameert.com\/"},{"@type":"ListItem","position":3,"name":"J.R. Plaza Archive 2003-2012"}]},{"@type":"WebSite","@id":"https:\/\/shop.galeriegretameert.com\/#website","url":"https:\/\/shop.galeriegretameert.com\/","name":"Galerie Greta Meert","description":"","publisher":{"@id":"https:\/\/shop.galeriegretameert.com\/#organization"},"potentialAction":[{"@type":"SearchAction","target":{"@type":"EntryPoint","urlTemplate":"https:\/\/shop.galeriegretameert.com\/?s={search_term_string}"},"query-input":{"@type":"PropertyValueSpecification","valueRequired":true,"valueName":"search_term_string"}}],"inLanguage":"en-GB"},{"@type":"Organization","@id":"https:\/\/shop.galeriegretameert.com\/#organization","name":"Galerie Greta Meert","url":"https:\/\/shop.galeriegretameert.com\/","logo":{"@type":"ImageObject","inLanguage":"en-GB","@id":"https:\/\/shop.galeriegretameert.com\/#\/schema\/logo\/image\/","url":"https:\/\/shop.galeriegretameert.com\/wp-content\/uploads\/2026\/04\/cropped-GGM-logo.png","contentUrl":"https:\/\/shop.galeriegretameert.com\/wp-content\/uploads\/2026\/04\/cropped-GGM-logo.png","width":1919,"height":111,"caption":"Galerie Greta Meert"},"image":{"@id":"https:\/\/shop.galeriegretameert.com\/#\/schema\/logo\/image\/"}}]}},"_links":{"self":[{"href":"https:\/\/shop.galeriegretameert.com\/index.php?rest_route=\/wp\/v2\/product\/248","targetHints":{"allow":["GET"]}}],"collection":[{"href":"https:\/\/shop.galeriegretameert.com\/index.php?rest_route=\/wp\/v2\/product"}],"about":[{"href":"https:\/\/shop.galeriegretameert.com\/index.php?rest_route=\/wp\/v2\/types\/product"}],"replies":[{"embeddable":true,"href":"https:\/\/shop.galeriegretameert.com\/index.php?rest_route=%2Fwp%2Fv2%2Fcomments&post=248"}],"wp:featuredmedia":[{"embeddable":true,"href":"https:\/\/shop.galeriegretameert.com\/index.php?rest_route=\/wp\/v2\/media\/502"}],"wp:attachment":[{"href":"https:\/\/shop.galeriegretameert.com\/index.php?rest_route=%2Fwp%2Fv2%2Fmedia&parent=248"}],"wp:term":[{"taxonomy":"product_brand","embeddable":true,"href":"https:\/\/shop.galeriegretameert.com\/index.php?rest_route=%2Fwp%2Fv2%2Fproduct_brand&post=248"},{"taxonomy":"product_cat","embeddable":true,"href":"https:\/\/shop.galeriegretameert.com\/index.php?rest_route=%2Fwp%2Fv2%2Fproduct_cat&post=248"},{"taxonomy":"product_tag","embeddable":true,"href":"https:\/\/shop.galeriegretameert.com\/index.php?rest_route=%2Fwp%2Fv2%2Fproduct_tag&post=248"}],"curies":[{"name":"wp","href":"https:\/\/api.w.org\/{rel}","templated":true}]}}